actors of i?
2, 5, 43
Let t = -10 - -12. Let u be ((-1)/t)/(6/(-420)). Suppose -4*i = i - u. What are the prime factors of i?
7
Let v(i) = -i + 8. Let t be v(7). What are the prime factors of ((-222)/(-30) - 7)/(t/355)?
2, 71
Let v = -71 - -74. Suppose 193 + 110 = v*k. List the prime factors of k.
101
Let v = 1901 + -1116. Suppose 21*o - 16*o - v = 0. What are the prime factors of o?
157
Let n(m) = 591*m**3 + m**2 + 2*m - 2. Let z be n(1). Suppose 4*h - z = -2*q, 118 = h + 5*q - 21. What are the prime factors of h?
149
Let u be (3/5)/(2*5/(-50)). Let p(y) = -y**3 - 3*y**2 - 3*y + 4. What are the prime factors of p(u)?
13
Let x(l) = -55*l**2 + 76. Let u(c) = 11*c**2 - 15. Let v(m) = 11*u(m) + 2*x(m). List the prime factors of v(-5).
2, 131
Let r(w) be the second derivative of -w**5/20 + w**4/2 + 5*w**3/3 + w**2 + w. Let f be r(7). Let z = -15 + f. What are the prime factors of z?
2
Suppose 13*j + 57520 = 29*j. List the prime factors of j.
5, 719
What are the prime factors of (420/24)/(1/16)?
2, 5, 7
Suppose 4*k - 5*x + 0*x + 1221 = 0, 3*k - 4*x = -916. List the prime factors of (10*2/16)/((-2)/k).
2, 5, 19
Suppose 20*z - 20 = 16*z, a - 238 = 4*z. What are the prime factors of a?
2, 3, 43
Let z(n) = n**2 - 14*n + 2. Let b be z(14). Suppose x = -o + 174, 0 = o + 2*x + b*x - 162. List the prime factors of o.
2, 89
Let r = 900 + -46. What are the prime factors of r?
2, 7, 61
Let k = -10 - -6. Let d be k - (1 + -4) - -7. List the prime factors of ((-4)/d)/((-6)/54).
2, 3
Let y(g) = 4*g**3 - 13*g**2 + 5*g. List the prime factors of y(10).
2, 5, 11
Suppose 34 - 9 = 5*a. Suppose a*b = 319 - 59. What are the prime factors of b?
2, 13
Let q(g) = -g**2 + 5*g + 11. Let l be q(6). Suppose 87 = 2*v + l*s, 4*s = 3*v - v - 132. List the prime factors of v.
2, 7
Suppose -z + 2060 + 2226 = 0. List the prime factors of z.
2, 2143
Suppose -80 = 2*l + 3*l. Let k = l + 9. Let h = 37 + k. List the prime factors of h.
2, 3, 5
Let x = -52 - -61. List the prime factors of 23/3*7 + (-6)/x.
53
Let u(b) = 3*b**2 + 22*b - 12. Let z be u(8). Suppose -z = -3*h + 3*i + 541, 0 = h + 4*i - 304. List the prime factors of h.
2, 3, 5
Let x(m) = -m**2 + 13*m - 6. Suppose q + 3*i - 59 = 0, -5*q + 24 = -4*i - 195. Suppose c = 3*w + 24, -3*c + w = -3*w - q. What are the prime factors of x(c)?
2, 3, 5
Suppose 9*n - 4023 + 720 = 0. What are the prime factors of n?
367
Suppose -2*j + 468 = 2*f - 4*j, j + 472 = 2*f. Suppose 4*q = 110 + f. Suppose 3*s - 75 = q. What are the prime factors of s?
2, 3
Let m = -47 - -104. List the prime factors of m.
3, 19
Let a = 165 + -137. What are the prime factors of a?
2, 7
Suppose 15*p = -5*p + 31620. List the prime factors of p.
3, 17, 31
Suppose 2*q = 7*q + 5. Let o(r) = 60*r - 35*r - 26*r + 34*r**2. List the prime factors of o(q).
5, 7
Suppose z = 6*z - 2685. Suppose 5*w + 0*w = 3*c + z, w - 104 = 4*c. List the prime factors of 2/(w/100 - 1).
5
Suppose 5*g = -5*j + 251 + 29, 4*j - 224 = g. Suppose j = 12*z - 10*z. Suppose -2*i = -3*i + z. What are the prime factors of i?
2, 7
Suppose -38 = 2*v - 4*v - 4*t, -3*t = 3*v - 72. Suppose 2*x + 53 = -4*q + 3, 5*x = -5*q - 55. Let s = q + v. List the prime factors of s.
3, 5
Let q(t) = -t - 6. Let g be q(-9). Suppose 3*p = 5*w + 53, g*w = 2*w - 5*p - 5. What are the prime factors of (-3 - 81)*5/w?
2, 3, 7
Let r(a) = a**2 - 4*a + 5. Let i be r(3). Suppose 0 = -i*h - 0*h + 4. Suppose 0 = -h*l - 3*l + 145. What are the prime factors of l?
29
Let u = -8 + 14. Let s = 39 + 1. Suppose i = u*i - s. What are the prime factors of i?
2
Let m(b) = 6*b + 47. Let r(l) = -6*l - 1. Let d be r(-1). List the prime factors of m(d).
7, 11
Suppose 13 = 5*r - 2. Suppose 0 = 2*d + 4*j - 192, -r*d = d - j - 411. What are the prime factors of d?
2, 3, 17
Let r = 2104 + 339. List the prime factors of r.
7, 349
Let w = -287 - -2088. What are the prime factors of w?
1801
Suppose 9*n = 5*n - 4. What are the prime factors of n/(-4) + 251/4?
3, 7
Suppose 21*w - 24*w - 9 = 0, -4*w + 3258 = 5*n. List the prime factors of n.
2, 3, 109
Let v = 169 + -322. Let i be (v/(-15))/(2/10). Suppose 2*k - b - i = 0, -3*b + 20 = 5. What are the prime factors of k?
2, 7
Let m = -15 + 17. Suppose g + 168 = 3*h, -m*g + 92 = -4*h + 318. Suppose h = 3*w + 2*w. List the prime factors of w.
11
Let k = 2209 - -1078. What are the prime factors of k?
19, 173
Suppose 0 = -43*p + 5041 + 22565. List the prime factors of p.
2, 3, 107
Let z = 0 - -1. Let p(h) = 7*h + 1. Let c be p(z). Let j = 12 + c. What are the prime factors of j?
2, 5
Let f = -29 + 32. What are the prime factors of (-10)/15 - (-20)/f?
2, 3
Let b be 4/(-14) + (-8528)/91. Let a = b + 208. Suppose 5*f - a = 41. What are the prime factors of f?
31
Let n(r) = 23*r**3 - 7*r**2 - 6 + 9 - 5*r - 25*r**3. What are the prime factors of n(-5)?
103
Let p be (2/(-5))/(4/20). Let x be (-57 - -7)/(1*p). Suppose -4*z = -x - 35. List the prime factors of z.
3, 5
What are the prime factors of 1818*((-7)/14 + 1)?
3, 101
Let t be (-8)/(-2)*47 + 2. Suppose 4*c = -c + t. List the prime factors of c.
2, 19
Suppose -3*t + 9*l + 585 = 4*l, 3*l + 585 = 3*t. Let v = 365 - t. Suppose -3*q = -8*q + v. What are the prime factors of q?
2, 17
Let v = 103 - 98. List the prime factors of 0 - (-4 + v) - 260/(-1).
7, 37
List the prime factors of (0 - 254)*(17 + -18).
2, 127
Let h(w) = 670*w - 2. What are the prime factors of h(1)?
2, 167
Let u = -367 + 1182. What are the prime factors of u?
5, 163
Suppose 7*v - 1867 = 4*v + 2*w, 4*w = -3*v + 1873. List the prime factors of v.
7, 89
Suppose -5*p = -3*p - 152. Suppose 4 = -k, -2*c + 2*k + 188 - p = 0. What are the prime factors of c?
2, 13
Let r(m) = 76*m + 201. What are the prime factors of r(12)?
3, 7, 53
Let l(t) = -43*t**3 + t**2 - 21*t - 29. List the prime factors of l(-4).
3, 941
Suppose -3*j = 5*j - 48. Suppose j*r + 40 - 106 = 0. What are the prime factors of r?
11
Let v = 110 - -425. List the prime factors of v.
5, 107
Let w(g) = g**2 + 4*g + 4. Let p be w(-4). Let u = 5 - -25. Let q = u - p. List the prime factors of q.
2, 13
Suppose -24*i + 30508 = 5*i. List the prime factors of i.
2, 263
Suppose 3*p - p + 2*i = 136, -176 = -3*p + 4*i. Suppose p = -5*o + 179. Let v = -3 + o. What are the prime factors of v?
2, 5
Let y(l) be the third derivative of l**6/120 - l**5/60 - l**4/24 + 45*l**3/2 + 24*l**2. What are the prime factors of y(0)?
3, 5
Let m = -146 + 147. Let g(o) = o**3 + 6*o**2 - 4. Let i be g(-6). What are the prime factors of (-1 - m) + 46 - i?
2, 3
Let s(i) = -i**3 - 7*i**2 + 11*i + 11. Let c be s(-8). Let o = c - -52. What are the prime factors of o?
3, 13
Let z(v) = 5*v - 15. Let s(g) = 5*g - 16. Let r(w) = -3*s(w) + 4*z(w). List the prime factors of r(5).
13
Let d = -665 + 669. List the prime factors of d.
2
Let u(f) = -f. Let y be u(7). Let p(q) = -q**3 - 2*q**2 + 2*q - 6. List the prime factors of p(y).
3, 5
Let u be (-24)/(-84) - (-898)/(-7). Let k = u + 222. Suppose -2 + k = 2*s. What are the prime factors of s?
2, 23
Suppose -2*o + 10 = 2. Suppose 0 = 10*x - o*x - 234. What are the prime factors of x?
3, 13
Let q(j) = -j**2 - 34*j - 82. What are the prime factors of q(-24)?
2, 79
Suppose -6*x - 12042 = -33*x. What are the prime factors of x?
2, 223
Let o(x) = 17*x - 232. Let k be o(14). Let f(c) = 15*c - c**2 + 3*c**2 - 3 - 3*c**2. What are the prime factors of f(k)?
3, 17
Let s(v) = v**2 - 12*v + 2. Let p be s(12). Suppose n - 6 = -p. Suppose n*b = 2*f + 126, 4*b + f - 138 = -f. What are the prime factors of b?
3, 11
Let h be (6/5)/((-21)/(-35)). Suppose -3*l + 225 = -3*o, -h*o - 227 - 67 = -4*l. List the prime factors of l.
2, 3
Suppose 48*k = 43*k + 15. What are the prime factors of 0 - (-3)/(k/86)?
2, 43
Let p = 6 - 2. Suppose 10 = p*i + 6. Let y(s) = 6*s**3 - 2*s**2 + 2*s - 1. What are the prime factors of y(i)?
5
Suppose -2*p = 0, -8*p - 15 = 5*w - 3*p. Let s(q) = -q**3 + 6*q + 7. What are the prime factors of s(w)?
2
Suppose 12 = 3*w + 4*o, -5*o = 3*w - 3*o - 12. List the prime factors of (-2 - 0/w) + 28 + 1.
3
Suppose 2*m = -26 - 16. What are the prime factors of (-21)/m*(1 + 108)?
109
Suppose 4*z + 0 = 4*a - 4, -a = 3*z - 21. Let x be 12*(a/(-9) + 0). Let b = 13 + x. List the prime factors of b.
5
Suppose -4*v - 5*k - 508 = 0, 4*v + 17 = -4*k - 48